lse
Is 222748522 a prime number?
False
Is 9925694323 a composite number?
False
Is 4296187219 prime?
False
Is 398079319 prime?
False
Is 2310433357 composite?
False
Is 36812820151 prime?
True
Is 19127837347 a prime number?
False
Is 1700517607 a composite number?
True
Is 1378487293 a composite number?
True
Is 156379807 composite?
False
Is 160987873991 a prime number?
False
Is 42828328247 a prime number?
True
Is 46989281429 prime?
False
Is 1690438991 a composite number?
False
Is 5141105107 composite?
True
Is 10342802621 composite?
False
Is 6820362349 prime?
True
Is 4358572891 prime?
True
Is 5019568165 prime?
False
Is 1296496337 composite?
False
Is 19420991851 a prime number?
True
Is 7163751223 a prime number?
True
Is 4898684047 a composite number?
True
Is 241376929 a prime number?
False
Is 290559539 a composite number?
True
Is 111904993 a prime number?
True
Is 179314957 a prime number?
False
Is 130230707 a composite number?
False
Is 1214626637 a prime number?
False
Is 271997983 composite?
True
Is 509823733 a prime number?
False
Is 424940314 prime?
False
Is 2000899471 prime?
True
Is 5646114655 a prime number?
False
Is 27682232693 a prime number?
False
Is 64089848339 composite?
True
Is 3176396849 composite?
False
Is 8093406173 a prime number?
True
Is 14901033211 a composite number?
True
Is 3735750503 prime?
True
Is 1336254533 composite?
False
Is 372212900297 a prime number?
False
Is 744400247 a composite number?
True
Is 9371806505 prime?
False
Is 77992257647 a composite number?
True
Is 1436939291 a composite number?
True
Is 102938783 a prime number?
False
Is 25964118679 prime?
False
Is 4731246263 a composite number?
False
Is 14592301793 a prime number?
True
Is 131817078997 prime?
False
Is 78640678937 composite?
False
Is 33224926655 composite?
True
Is 6447005417 prime?
False
Is 188102917 composite?
False
Is 11748439 prime?
True
Is 45699541 a composite number?
True
Is 2781602873 a prime number?
False
Is 2329716043 a composite number?
True
Is 2504689037 composite?
False
Is 59829529 a prime number?
True
Is 2954442901 prime?
False
Is 23554590251 a composite number?
False
Is 34949173541 prime?
False
Is 1147034866 prime?
False
Is 1690346711 prime?
False
Is 2801059931 composite?
False
Is 5059068691 composite?
False
Is 187140899927 a composite number?
True
Is 172827041 a prime number?
True
Is 8042298859 prime?
False
Is 17967532969 a prime number?
True
Is 6573640237 a prime number?
False
Is 81476832571 a composite number?
False
Is 2236522 prime?
False
Is 22149513527 prime?
True
Is 34871699 a prime number?
True
Is 7591464613 a prime number?
True
Is 91467375289 prime?
True
Is 32530749133 composite?
False
Is 160851805 prime?
False
Is 459770789 prime?
True
Is 1651397885 a prime number?
False
Is 518641289 composite?
False
Is 11123810099 prime?
False
Is 171658657 composite?
True
Is 68194957 prime?
True
Is 34388472857 composite?
False
Is 59992019 a prime number?
False
Is 6343762133 a prime number?
True
Is 328746403 a composite number?
False
Is 579196279 a prime number?
False
Is 41310457543 a prime number?
True
Is 3382075943 composite?
True
Is 134629507 composite?
True
Is 880404541 prime?
True
Is 4413197911 composite?
False
Is 1462766587 prime?
True
Is 158668141 composite?
False
Is 40997452733 a prime number?
False
Is 8580405151 prime?
False
Is 20474304119 prime?
True
Is 561940487 a composite number?
True
Is 306215299 prime?
False
Is 15195686527 prime?
False
Is 13826368427 composite?
False
Is 16865083813 composite?
True
Is 678447061 a composite number?
False
Is 1298072291 composite?
True
Is 334788353 a prime number?
True
Is 434980379 a composite number?
True
Is 37959159269 prime?
True
Is 1209963089 composite?
False
Is 172415592841 composite?
False
Is 37983977 prime?
False
Is 77548127 composite?
True
Is 695488159 a prime number?
True
Is 363633969 composite?
True
Is 9556963781 a composite number?
False
Is 42084071719 a composite number?
False
Is 6747905111 prime?
True
Is 32888668243 composite?
True
Is 5666310233 a composite number?
True
Is 98338836091 a prime number?
True
Is 374624111 composite?
True
Is 4296737017 a composite number?
True
Is 13891064587 a composite number?
True
Is 9652486801 a composite number?
False
Is 3081484933 composite?
False
Is 244574507 a composite number?
False
Is 327057779 a prime number?
False
Is 521996903 prime?
True
Is 4367234243 a composite number?
True
Is 4859776457 composite?
False
Is 229284073 a prime number?
False
Is 2335240319 prime?
True
Is 1194774734 prime?
False
Is 9135064913 prime?
False
Is 11619199783 a prime number?
True
Is 6944369609 a composite number?
True
Is 2280874613 a prime number?
False
Is 22246161227 prime?
False
Is 1176552411 a composite number?
True
Is 16802899523 prime?
True
Is 11279622461 a prime number?
False
Is 6875790563 a composite number?
False
Is 1408871143 composite?
True
Is 664334173 a prime number?
False
Is 2846505421 a prime number?
True
Is 296737933 a prime number?
True
Is 5670558969 composite?
True
Is 39980944537 prime?
True
Is 470769407 prime?
True
Is 6960081397 a composite number?
True
Is 1762651453 a composite number?
True
Is 5749395329 a prime number?
False
Is 1988142841 prime?
True
Is 6271239487 a prime number?
True
Is 1183251029 a composite number?
False
Is 666473261 prime?
False
Is 953058993 composite?
True
Is 5653115311 a prime number?
True
Is 4829089 prime?
True
Is 7766550569 prime?
False
Is 10776620983 a composite number?
True
Is 4652782669 prime?
True
Is 145539222931 composite?
True
Is 4687022413 a prime number?
False
Is 11954734889 a prime number?
True
Is 3286517181 a composite number?
True
Is 30550135355 a composite number?
True
Is 65536575547 prime?
False
Is 585784139 composite?
False
Is 27339470069 a prime number?
False
Is 634111073 composite?
True
Is 8589123461 composite?
False
Is 400892621 a prime number?
True
Is 8709006077 composite?
True
Is 2002293289 a composite number?
False
Is 155268857 prime?
True
Is 7503286363 prime?
False
Is 220823749 a composite number?
False
Is 1164137903 composite?
False
Is 2794405877 a prime number?
False
Is 61424938901 a composite number?
False
Is 177459461 a composite number?
False
Is 123487433 a composite number?
False
Is 37893650881 a composite number?
True
Is 14999476379 prime?
True
Is 753464759 a composite number?
False
Is 6905034219 prime?
False
Is 1129439987 a composite number?
True
Is 440096719 composite?
True
Is 1924336261 prime?
True
Is 383339581 a composite number?
False
Is 157858553 a composite number?
False
Is 27294098057 composite?
True
Is 20675101027 composite?
True
Is 9402320387 a prime number?
False
Is 3541785337 composite?
False
Is 1616119369 composite?
False
Is 356382329 a composite number?
True
Is 167418413 prime?
False
Is 3912479923 prime?
False
Is 12192422777 prime?
False
Is 648353057 a composite number?
True
Is 75613511 composite?
False
Is 577380261 a composite number?
True
Is 655983659 a prime number?
True
Is 101731569041 a prime number?
True
Is 180014946253 prime?
False
Is 2273183642 composite?
True
Is 349207307 a prime number?
True
Is 1412210141 a prime number?
True
Is 1765078339 prime?
False
Is 11171281 a composite number?
True
Is 584016473 a composite number?
True
Is 50583150091 a prime number?
True
Is 248226612863 a prime number?
False
Is 34779831995 prime?
False
Is 10302030131 prime?
False
Is 9174103595 prime?
False
Is 121466171 a prime number?
True
Is 1565812753 prime?
False
Is 2489305319 a composite number?
False
Is 45044744107 prime?
False
Is 26768363 prime?
False
Is 6291643559 composite?
True
Is 188019553 prime?
True
Is 1206014003 prime?
False
Is 25668673703 a composite number?
False
Is 33631169899 composite?
True
Is 587477689 a composite number?
False
Is 595052855 composite?
True
Is 554056777 a prime number?
False
Is 208585841 a prime number?
True
Is 91946390983 a prime number?
True
Is 122083368959 a composite number?
False
Is 12569789459 a prime number?
True
Is 58394665421 composite?
False
Is 2810177431 composite?
True
Is 11987235055 composite?
True
Is 143363135723 prime?
False
Is 1833517459 a composite number?
True
Is 2218556419 a composite number?
True
Is 471822367 a composite number?
True
Is 4785052361 prime?
True
Is 7790232911 a prime number?
False
Is 60197742529 composite?
False
Is 210202687 prime?
False
Is 79373